uppose -5*s + p = 11, 9 = 2*s - 4*s + 5*p. Let d be (-9)/(-4) + s/8. Suppose -6 = -d*x - 0. Is x composite?
False
Suppose 0 = -5*o + 506 + 409. Suppose -4*l = -w + o, w + 3*l = 111 + 86. Is w composite?
False
Let m(y) = -7*y + 2. Let v be m(2). Let g be (-11)/4 + 3/v. Is g/(-12) - (-35)/4 composite?
True
Suppose 24*r = 22*r + 1114. Is r prime?
True
Suppose -5*u + 12 = -u. Let a(b) = 138*b - 1. Is a(u) composite?
True
Let f(n) = -n**3 + 12*n**2 - 10*n - 2. Let c be f(11). Let s = 26 + c. Is s composite?
True
Let v = 7 + -3. Suppose -2*d + 2 = -v. Suppose -d*h - 2*j + 165 = 0, j + 321 = 5*h + 46. Is h a composite number?
True
Is 672 - (1 - (1 - 1)) a prime number?
False
Let p(q) = 30*q + 27. Is p(17) a prime number?
False
Let z be (-2 + 46/8)*312. Suppose -2*t + z = 236. Is t composite?
False
Is (-64480)/(-39) - (-6)/9 composite?
True
Let k = 0 - -323. Is k prime?
False
Suppose 0 = 5*f - 380 - 435. Let g(c) = f + c**3 + 4*c**2 - c - 2*c**2 - c**2. Is g(0) prime?
True
Let p(s) = -2*s**3 - 8*s**2 + 2*s - 5. Is p(-6) a composite number?
False
Let l(n) = -14*n + 14. Let h be l(10). Let j = h + 380. Is j prime?
False
Suppose -f + 10857 = 20*f. Is f a composite number?
True
Let g(f) = 3*f - 1. Let l be g(1). Suppose 0 = 5*o + 5, -5*o + 168 + 153 = l*k. Is k composite?
False
Let y be -2 + (-1 + 3 - -4). Suppose 0*x - 5*x + 25 = 0, 0 = 2*a + y*x - 24. Is (532/(-16))/(a/(-8)) composite?
True
Suppose 0*a + 3*a = 18. Let g(j) = -j**3 + 7*j**2 - 7*j + 6. Let o be g(a). Suppose o = -f + 3*f - 322. Is f composite?
True
Suppose 3*r = 33 + 15. Suppose -2*j + r = 4*b - 2*b, 5*b = 5*j + 30. Is b composite?
False
Let b(u) = -u - 11. Let p be b(-12). Let k(t) = 27*t - 1. Is k(p) a composite number?
True
Is -2 + 385 + 4 + -8 a prime number?
True
Let a(c) be the second derivative of -5*c**3/3 + c**2/2 - c. Let z be 168/(-30) - (-3)/5. Is a(z) composite?
True
Suppose 7*q + q - 3832 = 0. Is q composite?
False
Let z(o) = 3*o - 13. Let v be z(6). Is (0 + 10)/(2/v) a prime number?
False
Let l = 4166 - 2331. Is l a prime number?
False
Suppose 3*j + 4*i = -424 + 1651, 2*i = 3*j - 1227. Is j a prime number?
True
Suppose 0 = 4*p - 94 + 26. Suppose u + 4*d + 8 = 0, 5*u + 4*d = 3*d + p. Suppose 4*b - b - 3*v = 207, 0 = -u*b + 2*v + 286. Is b a prime number?
False
Is 2*7/7*3058/4 a prime number?
False
Let w = 15 - 8. Let k(o) = 5*o + 2. Is k(w) prime?
True
Let g(c) = 5*c + 2. Let o be g(2). Let u = -9 + o. Is u prime?
True
Let p be (-3 - 0)*3/9. Let i be 186/1 - (0 - p). Suppose -i = -l - 4*l. Is l a composite number?
False
Suppose -3*q = m - 460, 0*m + q + 913 = 2*m. Is m a prime number?
True
Suppose -3*a + 13 = -h, -3*a + 3*h + 12 = -9. Suppose -4*m + 6*m - 10 = 0. Suppose -f = -a*y - 100, -m*f + 5*y = 3*y - 461. Is f a composite number?
True
Is (-7)/((-28)/6)*3070/3 a composite number?
True
Let k = -89 - -242. Let l = 38 + k. Is l composite?
False
Let y = -3 + 8. Suppose -y*s = -20, -3*z - 4*s + 22 = -0*s. Suppose -15 = 3*d, -3*p - 2*d + 155 = z*p. Is p composite?
True
Let j be ((-28)/3)/((-2)/237). Suppose -2*g - 880 = -3*r - r, -j = -5*r + 4*g. Let i = -127 + r. Is i a prime number?
False
Let z = 8 - 9. Is ((-3)/6)/(z/74) a composite number?
False
Is -4*1/(-2) + (-5373)/(-3) a prime number?
False
Suppose 0 = -0*u - 2*u. Let r(j) = j**2 + 10*j - 9. Let x be r(6). Suppose -4*w + 53 + x = u. Is w prime?
False
Is 255/5 - 2 - 0 a composite number?
True
Suppose 0 = -2*x - 3*l + 3125, l + 2493 = 3*x - 2189. Is x prime?
False
Is -2*(-2)/8*2674 a composite number?
True
Let x be 23/3 - 2/3. Is (4 - x) + 19*22 composite?
True
Suppose 0*q = -3*q - 18. Let f = 11 + q. Suppose 0*o = f*o - 15. Is o a prime number?
True
Suppose z = -4, 3*y + 2*y - 4*z + 6704 = 0. Let g = y - -1931. Is g prime?
True
Suppose 0 = 3*m + 8*m - 27533. Is m composite?
False
Suppose -9 = -3*o, -5*f + 238 = -4*f + 5*o. Is f prime?
True
Suppose 0 = x + n - 3, -2*x + 0*x + 12 = -n. Suppose m = b - 162, 2*b - 330 = x*m - m. Is b a composite number?
True
Suppose -9*k + 635 = -4*k. Is k composite?
False
Suppose -4*b + b = 0. Suppose b = n - 84 - 139. Is n a prime number?
True
Is (-832)/(-18) + (-4)/18 a prime number?
False
Let o = 8 - 9. Let y(d) = -10*d**3 + d**2 + d. Is y(o) composite?
True
Suppose 6 = u - 2. Let y(m) = 2*m**2 - 5*m - 11. Is y(u) prime?
False
Let s = -1858 + 2601. Suppose -r + 624 = 3*k - 488, r = 2*k - s. Is k a prime number?
False
Let v = -884 - -1761. Is v prime?
True
Suppose -2 = 4*p - 6. Suppose q = p - 0, -4*q = -5*u - 24. Let k(b) = b**3 + 5*b**2 + b + 2. Is k(u) composite?
True
Let o(q) = -4 + 0*q**3 + q**3 - 11*q + q - 6*q**2. Is o(9) a composite number?
False
Let w be (-1)/(-2)*(-2 + 52). Let h be (-2)/((-4)/(-6)*-1). Suppose 3*r - 42 = 5*x, -r + h*x + w = 5*x. Is r a prime number?
True
Let c(d) = 201*d + 35. Is c(4) a prime number?
True
Suppose 5*s - 5 = 0, 5*d - s - 56284 = -0*s. Is d prime?
True
Suppose -8 - 7 = -3*p. Suppose -p*x = -1106 + 61. Is x a prime number?
False
Suppose 0 = 3*k - 4 + 13, -2*x = 5*k + 7. Let j(o) = 5*o**2 + 5*o - 4. Let f be j(x). Suppose -3*s + f = -15. Is s composite?
False
Suppose 7*p - 460 = 2*p. Let v = p - 39. Is v composite?
False
Suppose 5*t = 2*j + 412, -t - 324 = -5*t - 4*j. Is t prime?
False
Let y(o) be the second derivative of o**4/2 + 2*o**3/3 - 3*o**2/2 + 4*o. Is y(-5) a composite number?
False
Suppose -10885 + 1470 = -7*o. Is o a prime number?
False
Let w = 2 - -9. Let g = -12 + 20. Let h = w + g. Is h a prime number?
True
Let i = -6 - -11. Let b(o) = -o + 1 + 6*o + i*o**2 + 1 - 3*o**3. Is b(-3) composite?
False
Is (-206)/(-10) - (-14)/35 composite?
True
Let r be 2 + (-3 - -8) + -3. Suppose 0 = r*s + 13 - 225. Is s a prime number?
True
Suppose 0 = 12*c - 2457 - 7359. Is c a composite number?
True
Suppose -2*s - 4 = -2, 4*s = -5*x + 121. Is x prime?
False
Let p be 0 + 0/(-3) + -3. Let x(w) = -7*w + 2. Is x(p) composite?
False
Suppose -4 = -3*k - 1. Is -45*k/(-2 + -1) prime?
False
Let a(t) = 2*t - 2 - 1 + 6*t - t**2. Is a(4) a prime number?
True
Let u(f) = -7*f - 5. Let h(w) = 7*w + 6. Let c(j) = 4*h(j) + 5*u(j). Is c(-2) a prime number?
True
Suppose -3*m + 2*m = 92. Let a = m + 57. Is a/(-20)*(10 + 2) a composite number?
True
Suppose 0 = -p + 208 + 381. Is p a prime number?
False
Let m(c) = -c**3 + 3*c**2 - 11*c - 1. Is m(-5) a prime number?
False
Let t = -631 + 1286. Is t a composite number?
True
Suppose 3*o = -4*f - 0 + 5, -4*f + 3*o + 11 = 0. Suppose t = f*t. Suppose -15 = -t*d - d. Is d composite?
True
Suppose -223 - 540 = -o. Is o a composite number?
True
Let o be (-1 - -1)/(12/6). Suppose -4*q + 2 + 130 = o. Is q prime?
False
Let t(a) be the third derivative of a**4/24 + a**3/3 + 2*a**2. Let u be t(-2). Suppose 3*p - 42 - 195 = u. Is p composite?
False
Suppose 2*w = -3*w. Suppose w = -4*a - 2*s + 320, -9 + 3 = -3*s. Is a prime?
True
Let i be 8/(-5) + (-10)/25. Let u be i/(-3) - (-269)/(-3). Let y = -52 - u. Is y a composite number?
False
Suppose -v = -3*v. Suppose -5*h - 10 = v, f - 24 = -5*h - 8. Is f a prime number?
False
Suppose 0 = 2*w - 4*q - 192, -5*w + 217 = -3*w + q. Is w composite?
True
Let f(g) = 19*g + 3. Let k(n) = -39*n - 6. Let b(u) = -13*f(u) - 6*k(u). Let l(v) = -v - 4. Let p be l(0). Is b(p) a composite number?
True
Suppose -u - 5*r + 2*r = -452, 2*r = 3*u - 1411. Is u a composite number?
False
Let y(r) = r**3 + 19*r**2 + 9*r - 17. Let w be y(-14). Suppose 3*h = w + 2292. Is h a prime number?
False
Suppose -2*b = -b - 901. Suppose 0 = -5*i + 3*m + 4466, -m + b = i + m. Is i composite?
True
Suppose -6*j + 39 = -3*j. Let n = 28 - j. Suppose -4*u = -4*k - 0*u + 12, k + 3*u - n = 0. Is k a composite number?
True
Suppose -8*v - 2153 = -9*v. Is v prime?
True
Let q(u) = u + u - 3*u. Let l be q(5). Is (-2)/l + (-103)/(-5) composite?
True
Let w be ((-54)/(-5))/(1/(-10)). Let j = -77 - w. Let u = j - -4. Is u composite?
True
Let z(u) = -u**2 + 9*u - 15. Let h(r) = 3*r - 5. Let n(w) = 17*h(w) - 6*z(w). Suppose a = -4*a + 5*d, -5*d + 36 = 4*a. Is n(a) a prime number?
True
Suppose 54 = 2*a + 6. Suppose 0 = 4*q - m - 106, 2*q - q + m - a = 0. Is q composite?
True
Let v(g) = -g**2 + 4*g - 3. Let t be v(3). Suppose -4*m + 4*l + 204 = t, 0 = -4*m + 3*l - l + 204. Is m prime?
False
Let x(n) = 1 + n + 14*n**2 + 4*n - 3*n. Is x(-2) composite?